+ 3*h - c*h = -1065, -u + 2*h = -1045. Is u prime?
False
Suppose -3*u + 4*j + 10 - 26 = 0, -2*u - 3*j = -12. Suppose -6*l = -2*l + 2*b - 3518, 2*l - 4*b - 1744 = u. Is l a prime number?
False
Let n(q) = 6*q**3 - 31*q**2 + 4*q - 132. Is n(25) composite?
True
Suppose 0 = -2*o + 4*o - 4. Suppose 0 = 2*a - o*b - 1516, -2*a + 2266 = a + 5*b. Is a a prime number?
True
Suppose 11*y + 3*y = -10570. Let x = y - -1086. Is x a composite number?
False
Suppose 7*d = 2*u + 4*d - 62844, 0 = -4*u - 5*d + 125666. Is (-4)/6 + u/27 prime?
True
Let t = -14 + 9. Let m = t + 11. Is (-4)/m - 2807/(-21) prime?
False
Suppose 113 - 301 = -2*j. Let i = 1 + j. Let b = -40 + i. Is b a prime number?
False
Let l(g) = -30*g. Let i be l(-4). Let d = 697 + i. Let u = d + -276. Is u a prime number?
True
Is (11175 - 0) + 12*(-1)/(-3) prime?
False
Suppose 12*u - 5203 = 11*u. Let y = -3638 + u. Is y a prime number?
False
Suppose -3*w = -2*c - 2493, -713 + 2386 = 2*w - 5*c. Is w a prime number?
True
Suppose 5*x + 1673 = -2*x. Let m = 668 - x. Is m a composite number?
False
Is 2 - 7 - 2*4116/(-2) composite?
False
Let i = 49 - 45. Let m(p) = -10*p**2 + 39*p**2 + 2*p + 9 + 10*p**2. Is m(i) a prime number?
True
Let n(i) = -i**3 - 14*i**2 - 9*i - 2. Let v be 31/5 + (-8)/(-10). Let x = -8 - v. Is n(x) a prime number?
False
Suppose w - 2*s = -0*w + 1825, 0 = -2*w + 2*s + 3642. Is w composite?
True
Suppose -2*p - 1 - 1 = 0, -2*p + 334 = 4*m. Let i be (1 - (-10)/(-15))*m. Let v = i + 5. Is v a prime number?
False
Suppose -5*c = -4*l - 4*c + 10537, 3*l = -3*c + 7884. Is l prime?
True
Suppose 12*j = 5*j + 567. Is 1178 - ((-2)/3)/(18/j) prime?
True
Suppose 8*w - 2*w = 0. Is (-7786)/(-9) + (w - 4/36) a prime number?
False
Suppose 0*c - 3*c - 7 = -5*v, -11 = -5*v - c. Suppose 0 = -v*h + 4*d - 6*d + 532, -h + 2*d = -269. Is h prime?
False
Suppose 5*g = -3*m + 1769, 4*m - 3*g = -7*g + 2372. Suppose -2*w + 4*h + 1012 = 0, -5*h + 3098 = 5*w + m. Is w a prime number?
False
Is (-70484)/(-32) - 6/(-16) a composite number?
False
Is -3*(4 + (-980)/12) prime?
True
Let c(u) be the second derivative of -u**5/20 + 13*u**4/12 + 11*u**3/6 + 9*u**2 - 8*u. Is c(13) a prime number?
False
Let r be 4/6*6/(-8)*-12. Is 26960/r - ((-4)/(-3) + -1) a prime number?
True
Suppose 0 = -2*b + 8 - 2, 0 = -5*h - b + 60578. Is h composite?
True
Suppose 5*c = 5*h + 400, 0 = -3*h - c + 6*c - 238. Let a be (-18)/h + (-124)/(-9). Let b(q) = -q**3 + 13*q**2 + 14*q + 6. Is b(a) a composite number?
True
Suppose -2*n - 9 = n, 5*o - 3*n + 1 = 0. Is 433 + 2/o + 2 - -3 prime?
False
Suppose -21 = -4*p + p - 3*s, -2*p + 3*s = 11. Suppose 3*k + 9 = -o, 2*k + o + 4 = -3. Is (163 - (k + p))/1 a prime number?
True
Let x = 1 + 17. Let q be (x/(-12))/(2/(-4)). Suppose -606 = -q*m + g, 4*m + 3*g = -124 + 945. Is m prime?
False
Let v(x) = -547*x - 36. Is v(-7) a composite number?
False
Let l(q) = q**3 - q**2 + 10*q - 7. Let i be 2*(-3 + -4)*-1. Suppose -12*s - 10 = -i*s. Is l(s) prime?
False
Let y = 4888 - 1683. Is y composite?
True
Let v(u) = 442*u**3 + 2*u**2 - 20*u + 11. Is v(3) a composite number?
False
Let m(r) = -r**3 - 26*r**2 - 11*r - 29. Suppose u + 52 = -2*i, 26 = i - 2*i - 5*u. Is m(i) composite?
False
Let n be 1*(-1 - (0 - 1)). Suppose n = 3*o - 7 + 1. Is o/(-9) + 5278/18 composite?
False
Suppose 5*r = 6683 + 2102. Is r prime?
False
Let q be -2*1*(-3 + 1). Suppose -3*d + 1352 = -q*h - 2079, 2269 = 2*d + h. Is d prime?
False
Let d = -105 - -687. Suppose 0 = f - 1489 + d. Is f composite?
False
Let x be (88/(-10))/(3/45). Let i = -235 - x. Let q = i + 185. Is q composite?
True
Suppose 0 = 2*n - 11 + 7. Let w(p) = -p**3 - 4*p**2 - p. Let r be w(-4). Suppose 4*v - 271 = n*m + m, 0 = r*m + 4. Is v a prime number?
True
Suppose 11*p - 120336 = -43853. Is p prime?
False
Let d(h) = 7174*h**2 - 10*h - 11. Is d(-2) a prime number?
False
Let v(j) = 3*j - 6*j**2 + 2*j**2 - j**2 + 6. Let z be v(-8). Let w = z + 487. Is w a composite number?
False
Suppose 0 = 2*t + t - 6. Let i = 2 + t. Suppose -3*n = -5*a - 1170, -i*a + 17 = 5. Is n a prime number?
False
Suppose 5*z - 9 = -3*j, 2*z + 2*j + 1 = 3. Suppose 0 = -q - z*i - 39 + 451, 5*q - 2060 = 5*i. Suppose q = 3*m - 221. Is m a composite number?
False
Is ((-6 - 1) + 2)*-293 a prime number?
False
Suppose 6*k - 24787 = 3*k + 2*v, -5*k + v = -41307. Is k a prime number?
False
Suppose 0 = -5*u + 5*c + 24100, 4*u + 2*c - 12410 = 6882. Is u a composite number?
True
Suppose 4*v + 3*g - 21 = v, 0 = 4*v - 5*g - 1. Suppose -27 - 13 = v*f. Let q(j) = 6*j**2 - 7*j + 7. Is q(f) prime?
True
Let y(f) = 12*f**2 + 18*f + 1. Is y(-17) prime?
True
Let s = -7 - -18. Suppose -36 = -5*u - s. Suppose 74 = u*o - 3*x, 53 = 5*o + 2*x - 6. Is o composite?
False
Let c(a) = 0*a + 2 - 4*a + 0*a + a - 3*a**3. Let t be c(1). Is ((-12)/t - -489) + -3 a prime number?
False
Suppose n = -4*h + 331, 0 = -n - h + 326 - 10. Suppose 3*p - n = -d, 4*d - 5*p - 877 = d. Is d composite?
True
Let w = -44 + 132. Suppose -4*r + 2*i - 10 = 0, 0 = 7*r - 2*r + 2*i - 1. Let x = w - r. Is x prime?
True
Let c(p) = -34*p**3 + 3*p**2 + 4*p + 2. Let y(r) = -3*r + 5. Let d be y(2). Is c(d) prime?
False
Suppose 3*q - b + 12172 = 6*q, 12182 = 3*q - b. Suppose s = 10*s - q. Is s a composite number?
True
Let i(q) = 3*q**2 + 8*q + 1. Let s = -28 - -36. Is i(s) composite?
False
Let r(z) = -8*z**3 + 5*z**2 + 12*z - 12. Let a be r(6). Let h = 3167 - 1065. Let j = h + a. Is j composite?
True
Let z = 10 + -17. Let x be z*((-81)/21 + 3). Is (x/(-9))/(2/(-318)) a prime number?
False
Let k = -7 - -11. Let a be k/(-6) + 920/12. Suppose 0 = 5*b - a - 19. Is b a prime number?
True
Let j(g) = 8*g**2 + 64*g - 351. Is j(33) composite?
True
Let f(v) = 117*v**3 + 2*v**2 - v - 2. Let k be f(2). Suppose 2*l = 64 + k. Is l prime?
False
Is (1*2635 - -1) + (-60 - -57) composite?
False
Suppose -u - 2*d = -11, 3*d - 8 = d. Suppose -v - u = -0*v, -2*z = -v - 3605. Is z composite?
False
Let d = 1538 + 665. Is d composite?
False
Let l be (1 + -6*2)/(-1). Let v be 8 - l - (0 - 198). Is v*1*5/15 a prime number?
False
Let g = 81533 + 31530. Is g a prime number?
True
Suppose 2*m - 5*n - 102953 = 53581, 5*m = 5*n + 391365. Is m prime?
True
Suppose -4*d - 1100 = -o, 3*d + 808 = 2*o + 3*o. Let i = d - -195. Let n = i - -150. Is n prime?
False
Suppose -4*z - 2866 = -150. Suppose -2*x + 2*r = 595 + 153, r + 370 = -x. Let t = x - z. Is t a composite number?
False
Let t(b) = -4*b. Let h be t(-2). Suppose 3*a = -3*o + a + 8, -2*o - h = -2*a. Suppose o = -2*u - 4*c + 678, -4*u - 2*c + 1332 = -0*u. Is u prime?
True
Suppose 0 = -3*r + 9738 - 387. Let y = r - 4469. Is y/(-20) - 6/10 prime?
True
Let l(c) = 2*c**3 - 21*c**2 - 15*c - 1. Let s be l(16). Suppose 2*u + u + 5*f = 2620, 4*f + s = 3*u. Is u a prime number?
False
Let j(b) = -3*b + 12. Let p(x) = 4*x - 13. Let t(n) = -3*j(n) - 2*p(n). Let i be t(15). Suppose -3*l - 3530 = -3*k - 2*k, -l = -i. Is k composite?
False
Let h = 4 + -4. Suppose 4*m = -p - 736 + 5421, -3*m + 2*p + 3500 = h. Is 20/(-110) + m/22 composite?
False
Suppose -3*m - 3*v + 935 = v, 5*v = -m + 330. Suppose -2*d - 4*y = -872, -y + m = d - 136. Is d composite?
True
Suppose 4*p - 3130 = -2*w, 0 = -p + w + 114 + 664. Is p a prime number?
False
Let m(c) = 19*c**2 - 71*c - 1. Is m(30) a composite number?
False
Let w(j) = -j**3 + j**2 + 15*j + 11. Is w(-4) composite?
False
Suppose 0 = -3*x - 3, 0 = -9*d + 4*d - 5*x + 13335. Let k = d - 1873. Let g = -502 + k. Is g prime?
True
Let a(u) = -8*u + 3. Let j be a(2). Let w = j - -61. Suppose -4*y + 40 = -w. Is y a composite number?
True
Let z(s) = -696*s - 151. Is z(-4) prime?
True
Let x = -7334 + 11895. Is x prime?
True
Suppose -97 = -3*z + 4*m, 39 = z - 0*m + 2*m. Is z composite?
True
Suppose -4*b - 81 = -m, 2*b + 2*m + 37 = -m. Let x be (-22)/(-5) + 8/b. Suppose 0 = c - 4*u - 138, 3*c + c + x*u = 472. Is c composite?
True
Suppose 11*z - 2*z - 27963 = 0. Is z a prime number?
False
Suppose -n + 43377 = -44602. Is n a composite number?
True
Suppose 0 = 3*y - 5*n - 1783, 5*y = 3*y - n + 1193. Let o = y + -277. Is o a prime number?
False
Let o(i) = 5*i**2 + 2*i - 3. Let z be o(2). Let v = z + -479. Let g = v + 669. Is g a prime number?
True
Let z(h) = -h + 26. Let i be z(21). Suppose -o - 1330 = -i*n, 4*o - 554 = -0*n - 2*n. Is n a composite n